{"id":1066,"date":"2023-04-17T12:01:26","date_gmt":"2023-04-17T12:01:26","guid":{"rendered":"http:\/\/isbl.hu\/?page_id=1066"},"modified":"2023-04-20T13:53:30","modified_gmt":"2023-04-20T13:53:30","slug":"futo-projektek","status":"publish","type":"page","link":"http:\/\/isbl.hu\/?page_id=1066&lang=hu","title":{"rendered":"Fut\u00f3 projektek"},"content":{"rendered":"\t\t<div data-elementor-type=\"wp-page\" data-elementor-id=\"1066\" class=\"elementor elementor-1066\">\n\t\t\t\t\t\t<section class=\"elementor-section elementor-top-section elementor-element elementor-element-f40db06 elementor-section-boxed elementor-section-height-default elementor-section-height-default\" data-id=\"f40db06\" data-element_type=\"section\">\n\t\t\t\t\t\t<div class=\"elementor-container elementor-column-gap-default\">\n\t\t\t\t\t<div class=\"elementor-column elementor-col-100 elementor-top-column elementor-element elementor-element-5f0f426\" data-id=\"5f0f426\" data-element_type=\"column\">\n\t\t\t<div class=\"elementor-widget-wrap elementor-element-populated\">\n\t\t\t\t\t\t<div class=\"elementor-element elementor-element-ac4e940 elementor-widget elementor-widget-heading\" data-id=\"ac4e940\" data-element_type=\"widget\" data-widget_type=\"heading.default\">\n\t\t\t\t<div class=\"elementor-widget-container\">\n\t\t\t<h2 class=\"elementor-heading-title elementor-size-default\"><a href=\"http:\/\/nyilvanos.otka-palyazat.hu\/index.php?menuid=930&#038;num=143698&#038;keyword=pascal\">PASCAL: Betegspecifikus nyaki gerinc g\u00f6rb\u00fclet elemz\u00e9se \u00e9s helyre\u00e1ll\u00edt\u00e1sa in silico m\u00f3dszerekkel<\/a><\/h2>\t\t<\/div>\n\t\t\t\t<\/div>\n\t\t\t\t<div class=\"elementor-element elementor-element-dc37865 elementor-widget elementor-widget-text-editor\" data-id=\"dc37865\" data-element_type=\"widget\" data-widget_type=\"text-editor.default\">\n\t\t\t\t<div class=\"elementor-widget-container\">\n\t\t\t\t\t\t\t<p><strong style=\"color: var( --e-global-color-text ); font-family: var( --e-global-typography-text-font-family ), Sans-serif; font-size: 0.875rem;\">Vezet\u0151 kutat\u00f3<\/strong><strong>:<\/strong>\u00a0\u00c9ltes P\u00e9ter\u00a0 \u00a0 \u00a0 \u00a0 \u00a0 \u00a0 \u00a0 \u00a0 \u00a0 \u00a0 \u00a0 \u00a0 \u00a0 \u00a0 \u00a0 \u00a0\u00a0<strong>Projekt Azonos\u00edt\u00f3:<\/strong> PD 143698<\/p>\t\t\t\t\t\t<\/div>\n\t\t\t\t<\/div>\n\t\t\t\t<div class=\"elementor-element elementor-element-5769164 elementor-widget elementor-widget-image\" data-id=\"5769164\" data-element_type=\"widget\" data-widget_type=\"image.default\">\n\t\t\t\t<div class=\"elementor-widget-container\">\n\t\t\t\t\t\t\t\t\t\t\t\t\t<img fetchpriority=\"high\" decoding=\"async\" width=\"1246\" height=\"435\" src=\"http:\/\/isbl.hu\/wp-content\/uploads\/2023\/04\/OTKA-PD2.png\" class=\"attachment-large size-large wp-image-1198\" alt=\"\" srcset=\"http:\/\/isbl.hu\/wp-content\/uploads\/2023\/04\/OTKA-PD2.png 1246w, http:\/\/isbl.hu\/wp-content\/uploads\/2023\/04\/OTKA-PD2-768x268.png 768w\" sizes=\"(max-width: 1246px) 100vw, 1246px\" \/>\t\t\t\t\t\t\t\t\t\t\t\t\t<\/div>\n\t\t\t\t<\/div>\n\t\t\t\t\t<\/div>\n\t\t<\/div>\n\t\t\t\t\t<\/div>\n\t\t<\/section>\n\t\t\t\t<section class=\"elementor-section elementor-top-section elementor-element elementor-element-057debe elementor-section-boxed elementor-section-height-default elementor-section-height-default\" data-id=\"057debe\" data-element_type=\"section\">\n\t\t\t\t\t\t<div class=\"elementor-container elementor-column-gap-default\">\n\t\t\t\t\t<div class=\"elementor-column elementor-col-100 elementor-top-column elementor-element elementor-element-29a1e31\" data-id=\"29a1e31\" data-element_type=\"column\">\n\t\t\t<div class=\"elementor-widget-wrap elementor-element-populated\">\n\t\t\t\t\t\t<div class=\"elementor-element elementor-element-56c618f elementor-widget elementor-widget-text-editor\" data-id=\"56c618f\" data-element_type=\"widget\" data-widget_type=\"text-editor.default\">\n\t\t\t\t<div class=\"elementor-widget-container\">\n\t\t\t\t\t\t\t<p class=\"MsoNormal\" style=\"text-align: justify;\"><span lang=\"HU\">A PASCAL c\u00e9lja egy olyan m\u00f3dszer l\u00e9trehoz\u00e1sa, amely a fekv\u0151 CT-felv\u00e9telekb\u0151l l\u00e9trehozott modelleket az \u00e1ll\u00f3 helyzethez igaz\u00edtja az \u00e1ll\u00f3 r\u00f6ntgenfelv\u00e9telek alapj\u00e1n. Ez a m\u00f3dszer jav\u00edtani fogja a betegspecifikus sz\u00e1m\u00edt\u00f3g\u00e9pes modellek pontoss\u00e1g\u00e1t. C\u00e9lunk ebben a projektben, hogy bemutassuk a helyre\u00e1ll\u00edtott g\u00f6rb\u00fclet\u0171 modellek hat\u00e1s\u00e1t a betegspecifikus implant\u00e1tumfejleszt\u00e9sre egy nyaki csigolyatest p\u00f3tl\u00e1sa eset\u00e9n. Ez az implant\u00e1tum nemcsak a gerinc stabilit\u00e1s\u00e1t \u00e1ll\u00edtja helyre, hanem a szok\u00e1sos m\u0171t\u00e9ti rekonstrukci\u00f3khoz k\u00e9pest kedvez\u0151bb megold\u00e1st ny\u00fajt. Az implant\u00e1tum teljes\u00edtm\u00e9ny\u00e9t sz\u00e1m\u00edt\u00f3g\u00e9pes modellek seg\u00edts\u00e9g\u00e9vel fogjuk vizsg\u00e1lni, de in vitro biomechanikai vizsg\u00e1latokat is fogunk v\u00e9gezni cadavereken, majd ezeket az adatokat felhaszn\u00e1lva a sz\u00e1m\u00edt\u00f3g\u00e9pes modellek precizit\u00e1s\u00e1nak n\u00f6velj\u00fck.\u00a0 A k\u00eds\u00e9rleti adatokat sz\u00e1m\u00edt\u00f3g\u00e9pes modellekkel is \u00f6sszehasonl\u00edtjuk, hogy tov\u00e1bb n\u00f6velj\u00fck a sz\u00e1m\u00edt\u00f3g\u00e9pes modellek predikt\u00edv erej\u00e9t, \u00e9s hogy a j\u00f6v\u0151ben pontosabb, szem\u00e9lyre szabott kezel\u00e9si megold\u00e1sokat k\u00edn\u00e1lhassunk.<\/span><\/p>\t\t\t\t\t\t<\/div>\n\t\t\t\t<\/div>\n\t\t\t\t\t<\/div>\n\t\t<\/div>\n\t\t\t\t\t<\/div>\n\t\t<\/section>\n\t\t\t\t<section class=\"elementor-section elementor-top-section elementor-element elementor-element-54f5212 elementor-section-boxed elementor-section-height-default elementor-section-height-default\" data-id=\"54f5212\" data-element_type=\"section\">\n\t\t\t\t\t\t<div class=\"elementor-container elementor-column-gap-default\">\n\t\t\t\t\t<div class=\"elementor-column elementor-col-100 elementor-top-column elementor-element elementor-element-bf3f0ef\" data-id=\"bf3f0ef\" data-element_type=\"column\">\n\t\t\t<div class=\"elementor-widget-wrap elementor-element-populated\">\n\t\t\t\t\t\t<div class=\"elementor-element elementor-element-bd392aa elementor-widget elementor-widget-image\" data-id=\"bd392aa\" data-element_type=\"widget\" data-widget_type=\"image.default\">\n\t\t\t\t<div class=\"elementor-widget-container\">\n\t\t\t\t\t\t\t\t\t\t\t\t\t<img decoding=\"async\" width=\"1554\" height=\"787\" src=\"http:\/\/isbl.hu\/wp-content\/uploads\/2023\/04\/NKFIH_MAGYAR.png\" class=\"attachment-large size-large wp-image-1203\" alt=\"\" srcset=\"http:\/\/isbl.hu\/wp-content\/uploads\/2023\/04\/NKFIH_MAGYAR.png 1554w, http:\/\/isbl.hu\/wp-content\/uploads\/2023\/04\/NKFIH_MAGYAR-768x389.png 768w, http:\/\/isbl.hu\/wp-content\/uploads\/2023\/04\/NKFIH_MAGYAR-1536x778.png 1536w\" sizes=\"(max-width: 1554px) 100vw, 1554px\" \/>\t\t\t\t\t\t\t\t\t\t\t\t\t<\/div>\n\t\t\t\t<\/div>\n\t\t\t\t\t<\/div>\n\t\t<\/div>\n\t\t\t\t\t<\/div>\n\t\t<\/section>\n\t\t\t\t<\/div>\n\t\t","protected":false},"excerpt":{"rendered":"<p>PASCAL: Betegspecifikus nyaki gerinc g\u00f6rb\u00fclet elemz\u00e9se \u00e9s helyre\u00e1ll\u00edt\u00e1sa in silico m\u00f3dszerekkel Vezet\u0151 kutat\u00f3:\u00a0\u00c9ltes P\u00e9ter\u00a0 \u00a0 \u00a0 \u00a0 \u00a0 \u00a0 \u00a0 \u00a0 \u00a0 \u00a0 \u00a0 \u00a0 \u00a0 \u00a0 \u00a0 \u00a0\u00a0Projekt Azonos\u00edt\u00f3: &#8230;<\/p>\n","protected":false},"author":2,"featured_media":0,"parent":0,"menu_order":0,"comment_status":"closed","ping_status":"closed","template":"","meta":{"inline_featured_image":false},"_links":{"self":[{"href":"http:\/\/isbl.hu\/index.php?rest_route=\/wp\/v2\/pages\/1066"}],"collection":[{"href":"http:\/\/isbl.hu\/index.php?rest_route=\/wp\/v2\/pages"}],"about":[{"href":"http:\/\/isbl.hu\/index.php?rest_route=\/wp\/v2\/types\/page"}],"author":[{"embeddable":true,"href":"http:\/\/isbl.hu\/index.php?rest_route=\/wp\/v2\/users\/2"}],"replies":[{"embeddable":true,"href":"http:\/\/isbl.hu\/index.php?rest_route=%2Fwp%2Fv2%2Fcomments&post=1066"}],"version-history":[{"count":7,"href":"http:\/\/isbl.hu\/index.php?rest_route=\/wp\/v2\/pages\/1066\/revisions"}],"predecessor-version":[{"id":1268,"href":"http:\/\/isbl.hu\/index.php?rest_route=\/wp\/v2\/pages\/1066\/revisions\/1268"}],"wp:attachment":[{"href":"http:\/\/isbl.hu\/index.php?rest_route=%2Fwp%2Fv2%2Fmedia&parent=1066"}],"curies":[{"name":"wp","href":"https:\/\/api.w.org\/{rel}","templated":true}]}}