{"id":1101,"date":"2018-12-04T07:53:37","date_gmt":"2018-12-04T07:53:37","guid":{"rendered":"http:\/\/isbl.hu\/?page_id=1101"},"modified":"2023-05-12T07:50:48","modified_gmt":"2023-05-12T07:50:48","slug":"elerhetoseg","status":"publish","type":"page","link":"http:\/\/isbl.hu\/?page_id=1101&lang=hu","title":{"rendered":"El\u00e9rhet\u0151s\u00e9g"},"content":{"rendered":"\t\t<div data-elementor-type=\"wp-post\" data-elementor-id=\"1101\" class=\"elementor elementor-1101\">\n\t\t\t\t\t\t<section class=\"elementor-section elementor-top-section elementor-element elementor-element-f7a86cd elementor-section-boxed elementor-section-height-default elementor-section-height-default\" data-id=\"f7a86cd\" data-element_type=\"section\">\n\t\t\t\t\t\t<div class=\"elementor-container elementor-column-gap-default\">\n\t\t\t\t\t<div class=\"elementor-column elementor-col-100 elementor-top-column elementor-element elementor-element-18006f1\" data-id=\"18006f1\" data-element_type=\"column\">\n\t\t\t<div class=\"elementor-widget-wrap elementor-element-populated\">\n\t\t\t\t\t\t<div class=\"elementor-element elementor-element-f139e83 elementor-widget elementor-widget-heading\" data-id=\"f139e83\" data-element_type=\"widget\" data-widget_type=\"heading.default\">\n\t\t\t\t<div class=\"elementor-widget-container\">\n\t\t\t<h2 class=\"elementor-heading-title elementor-size-default\">El\u00e9rhet\u0151s\u00e9gek<\/h2>\t\t<\/div>\n\t\t\t\t<\/div>\n\t\t\t\t\t<\/div>\n\t\t<\/div>\n\t\t\t\t\t<\/div>\n\t\t<\/section>\n\t\t\t\t<section class=\"elementor-section elementor-top-section elementor-element elementor-element-363cd86 elementor-section-boxed elementor-section-height-default elementor-section-height-default\" data-id=\"363cd86\" data-element_type=\"section\">\n\t\t\t\t\t\t<div class=\"elementor-container elementor-column-gap-default\">\n\t\t\t\t\t<div class=\"elementor-column elementor-col-100 elementor-top-column elementor-element elementor-element-3097c7e\" data-id=\"3097c7e\" data-element_type=\"column\">\n\t\t\t<div class=\"elementor-widget-wrap elementor-element-populated\">\n\t\t\t\t\t\t<div class=\"elementor-element elementor-element-7a151ef elementor-widget elementor-widget-text-editor\" data-id=\"7a151ef\" data-element_type=\"widget\" data-widget_type=\"text-editor.default\">\n\t\t\t\t<div class=\"elementor-widget-container\">\n\t\t\t\t\t\t\t<h4><span lang=\"HU\">Az In Silico Biomechanikai Laborat\u00f3rium (ISBL) a budapesti Orsz\u00e1gos Gerincgy\u00f3gy\u00e1szati K\u00f6zpontban m\u0171k\u00f6dik.<\/span><\/h4>\t\t\t\t\t\t<\/div>\n\t\t\t\t<\/div>\n\t\t\t\t\t<\/div>\n\t\t<\/div>\n\t\t\t\t\t<\/div>\n\t\t<\/section>\n\t\t\t\t<section class=\"elementor-section elementor-top-section elementor-element elementor-element-bb20e8f elementor-section-boxed elementor-section-height-default elementor-section-height-default\" data-id=\"bb20e8f\" data-element_type=\"section\">\n\t\t\t\t\t\t<div class=\"elementor-container elementor-column-gap-default\">\n\t\t\t\t\t<div class=\"elementor-column elementor-col-100 elementor-top-column elementor-element elementor-element-042ef40\" data-id=\"042ef40\" data-element_type=\"column\">\n\t\t\t<div class=\"elementor-widget-wrap elementor-element-populated\">\n\t\t\t\t\t\t<div class=\"elementor-element elementor-element-3da7490 elementor-widget elementor-widget-text-editor\" data-id=\"3da7490\" data-element_type=\"widget\" data-widget_type=\"text-editor.default\">\n\t\t\t\t<div class=\"elementor-widget-container\">\n\t\t\t\t\t\t\t<p>Az ISBL-lel kapcsolatos k\u00e9rd\u00e9sekkel forduljon Dr. \u00c9ltes P\u00e9terhez.<br \/>e-mail: peter.eltes@bhc.hu<\/p>\t\t\t\t\t\t<\/div>\n\t\t\t\t<\/div>\n\t\t\t\t<div class=\"elementor-element elementor-element-36c72f2 elementor-widget elementor-widget-google_maps\" data-id=\"36c72f2\" data-element_type=\"widget\" data-widget_type=\"google_maps.default\">\n\t\t\t\t<div class=\"elementor-widget-container\">\n\t\t\t\t\t<div class=\"elementor-custom-embed\">\n\t\t\t<iframe loading=\"lazy\"\n\t\t\t\t\tsrc=\"https:\/\/maps.google.com\/maps?q=National%20Center%20for%20Spinal%20Disorders%20Building%204%20Kir%C3%A1lyh%C3%A1g%C3%B3%20u.%201-3%20H-1126%20Budapest%2C%20Hungary&#038;t=m&#038;z=10&#038;output=embed&#038;iwloc=near\"\n\t\t\t\t\ttitle=\"National Center for Spinal Disorders Building 4 Kir\u00e1lyh\u00e1g\u00f3 u. 1-3 H-1126 Budapest, Hungary\"\n\t\t\t\t\taria-label=\"National Center for Spinal Disorders Building 4 Kir\u00e1lyh\u00e1g\u00f3 u. 1-3 H-1126 Budapest, Hungary\"\n\t\t\t><\/iframe>\n\t\t<\/div>\n\t\t\t\t<\/div>\n\t\t\t\t<\/div>\n\t\t\t\t<div class=\"elementor-element elementor-element-08b4296 elementor-widget elementor-widget-spacer\" data-id=\"08b4296\" data-element_type=\"widget\" data-widget_type=\"spacer.default\">\n\t\t\t\t<div class=\"elementor-widget-container\">\n\t\t\t\t\t<div class=\"elementor-spacer\">\n\t\t\t<div class=\"elementor-spacer-inner\"><\/div>\n\t\t<\/div>\n\t\t\t\t<\/div>\n\t\t\t\t<\/div>\n\t\t\t\t\t<\/div>\n\t\t<\/div>\n\t\t\t\t\t<\/div>\n\t\t<\/section>\n\t\t\t\t<section class=\"elementor-section elementor-top-section elementor-element elementor-element-47b0163 elementor-section-boxed elementor-section-height-default elementor-section-height-default\" data-id=\"47b0163\" data-element_type=\"section\">\n\t\t\t\t\t\t<div class=\"elementor-container elementor-column-gap-default\">\n\t\t\t\t\t<div class=\"elementor-column elementor-col-50 elementor-top-column elementor-element elementor-element-3c8e541\" data-id=\"3c8e541\" data-element_type=\"column\">\n\t\t\t<div class=\"elementor-widget-wrap elementor-element-populated\">\n\t\t\t\t\t\t<div class=\"elementor-element elementor-element-575f69c elementor-widget elementor-widget-text-editor\" data-id=\"575f69c\" data-element_type=\"widget\" data-widget_type=\"text-editor.default\">\n\t\t\t\t<div class=\"elementor-widget-container\">\n\t\t\t\t\t\t\t<p><strong>C\u00edm<\/strong><br \/>In Silico Biomechanikai Laborat\u00f3rium<br \/>Orsz\u00e1gos Gerincgy\u00f3gy\u00e1szati K\u00f6zpont<br \/>4. \u00e9p\u00fclet (D\/I \u00e9p\u00fclet)<br \/>Kir\u00e1lyh\u00e1g\u00f3 u. 1-3<br \/>1126, Budapest, Magyarorsz\u00e1g<\/p><p><strong>T\u00e1j\u00e9koz\u00f3d\u00e1s a<\/strong><strong>\u00a04-es \u00e9p\u00fcleten bel\u00fcl<br \/><\/strong>Ha az \u00e9p\u00fcletbe val\u00f3 bel\u00e9p\u00e9s ut\u00e1n el\u0151re megy, balk\u00e9z fel\u00e9 tal\u00e1lni fog egy l\u00e9pcs\u0151t. Az 1. emeleten forduljon balra, \u00e9s az ISBL-t a jobb oldali 2. ajt\u00f3 m\u00f6g\u00f6tt tal\u00e1lja majd.<\/p><p><strong>Eljut\u00e1s az Orsz\u00e1gos Gerincgy\u00f3gy\u00e1szati K\u00f6zpontba\u00a0<\/strong><\/p><p><strong><i>T\u00f6megk\u00f6zleked\u00e9ssel<\/i><\/strong><span lang=\"HU\"><br \/><\/span>A legegyszer\u0171bben a 102-es, 105-\u00f6s, 140-es, 140A, 140A, 142-es, 212-es busszal, a 17-es, 61-es, 59-es, 59A, 59B villamossal, valamint a 2-es metr\u00f3val k\u00f6zel\u00edthet meg minket.<br \/>A r\u00e9szletes utaz\u00e1si inform\u00e1ci\u00f3k\u00e9rt javasoljuk a Google Maps megtekint\u00e9s\u00e9t.<\/p><p><strong><i>Aut\u00f3val<\/i><br \/><\/strong>A parkol\u00f3 f\u0151bej\u00e1rata a Kir\u00e1lyh\u00e1g\u00f3 utca fel\u0151li oldalon tal\u00e1lhat\u00f3, amely egyir\u00e1ny\u00fa utca, az Alkot\u00e1s utca \u00e9s a M\u00e1rv\u00e1ny utca fel\u0151l k\u00f6zel\u00edthet\u0151 meg.<\/p><p><strong>Parkol\u00e1s<br \/><\/strong>Az Orsz\u00e1gos Gerincgy\u00f3gy\u00e1szati K\u00f6zpont saj\u00e1t parkol\u00f3val rendelkezik, amelyet a l\u00e1togat\u00f3k szabadon haszn\u00e1lhatnak. Alternat\u00edvak\u00e9nt a Kir\u00e1lyh\u00e1g\u00f3 utc\u00e1ban is lehet parkolni.<\/p>\t\t\t\t\t\t<\/div>\n\t\t\t\t<\/div>\n\t\t\t\t\t<\/div>\n\t\t<\/div>\n\t\t\t\t<div class=\"elementor-column elementor-col-50 elementor-top-column elementor-element elementor-element-b555f63\" data-id=\"b555f63\" data-element_type=\"column\">\n\t\t\t<div class=\"elementor-widget-wrap elementor-element-populated\">\n\t\t\t\t\t\t<div class=\"elementor-element elementor-element-1f3f44f elementor-widget elementor-widget-image\" data-id=\"1f3f44f\" data-element_type=\"widget\" data-widget_type=\"image.default\">\n\t\t\t\t<div class=\"elementor-widget-container\">\n\t\t\t\t\t\t\t\t\t\t\t\t\t<img fetchpriority=\"high\" decoding=\"async\" width=\"2200\" height=\"2205\" src=\"http:\/\/isbl.hu\/wp-content\/uploads\/2023\/05\/terkep.png\" class=\"attachment-large size-large wp-image-1390\" alt=\"\" srcset=\"http:\/\/isbl.hu\/wp-content\/uploads\/2023\/05\/terkep.png 2200w, http:\/\/isbl.hu\/wp-content\/uploads\/2023\/05\/terkep-768x770.png 768w, http:\/\/isbl.hu\/wp-content\/uploads\/2023\/05\/terkep-1533x1536.png 1533w, http:\/\/isbl.hu\/wp-content\/uploads\/2023\/05\/terkep-2043x2048.png 2043w\" sizes=\"(max-width: 2200px) 100vw, 2200px\" \/>\t\t\t\t\t\t\t\t\t\t\t\t\t<\/div>\n\t\t\t\t<\/div>\n\t\t\t\t\t<\/div>\n\t\t<\/div>\n\t\t\t\t\t<\/div>\n\t\t<\/section>\n\t\t\t\t<\/div>\n\t\t","protected":false},"excerpt":{"rendered":"<p>El\u00e9rhet\u0151s\u00e9gek Az In Silico Biomechanikai Laborat\u00f3rium (ISBL) a budapesti Orsz\u00e1gos Gerincgy\u00f3gy\u00e1szati K\u00f6zpontban m\u0171k\u00f6dik. Az ISBL-lel kapcsolatos k\u00e9rd\u00e9sekkel forduljon Dr. \u00c9ltes P\u00e9terhez.e-mail: peter.eltes@bhc.hu C\u00edmIn Silico Biomechanikai Laborat\u00f3riumOrsz\u00e1gos Gerincgy\u00f3gy\u00e1szati K\u00f6zpont4. \u00e9p\u00fclet (D\/I &#8230;<\/p>\n","protected":false},"author":2,"featured_media":0,"parent":0,"menu_order":7,"comment_status":"closed","ping_status":"closed","template":"","meta":{"inline_featured_image":false},"_links":{"self":[{"href":"http:\/\/isbl.hu\/index.php?rest_route=\/wp\/v2\/pages\/1101"}],"collection":[{"href":"http:\/\/isbl.hu\/index.php?rest_route=\/wp\/v2\/pages"}],"about":[{"href":"http:\/\/isbl.hu\/index.php?rest_route=\/wp\/v2\/types\/page"}],"author":[{"embeddable":true,"href":"http:\/\/isbl.hu\/index.php?rest_route=\/wp\/v2\/users\/2"}],"replies":[{"embeddable":true,"href":"http:\/\/isbl.hu\/index.php?rest_route=%2Fwp%2Fv2%2Fcomments&post=1101"}],"version-history":[{"count":16,"href":"http:\/\/isbl.hu\/index.php?rest_route=\/wp\/v2\/pages\/1101\/revisions"}],"predecessor-version":[{"id":1410,"href":"http:\/\/isbl.hu\/index.php?rest_route=\/wp\/v2\/pages\/1101\/revisions\/1410"}],"wp:attachment":[{"href":"http:\/\/isbl.hu\/index.php?rest_route=%2Fwp%2Fv2%2Fmedia&parent=1101"}],"curies":[{"name":"wp","href":"https:\/\/api.w.org\/{rel}","templated":true}]}}