{"id":1238,"date":"2023-04-20T12:34:19","date_gmt":"2023-04-20T12:34:19","guid":{"rendered":"http:\/\/isbl.hu\/?page_id=1238"},"modified":"2023-04-24T07:11:21","modified_gmt":"2023-04-24T07:11:21","slug":"isbl-csapat-magyar","status":"publish","type":"page","link":"http:\/\/isbl.hu\/?page_id=1238&lang=hu","title":{"rendered":"ISBL Csapat Magyar"},"content":{"rendered":"\t\t<div data-elementor-type=\"wp-page\" data-elementor-id=\"1238\" class=\"elementor elementor-1238\">\n\t\t\t\t\t\t<section class=\"elementor-section elementor-top-section elementor-element elementor-element-5a9f341 elementor-section-boxed elementor-section-height-default elementor-section-height-default\" data-id=\"5a9f341\" data-element_type=\"section\">\n\t\t\t\t\t\t<div class=\"elementor-container elementor-column-gap-default\">\n\t\t\t\t\t<div class=\"elementor-column elementor-col-100 elementor-top-column elementor-element elementor-element-e819f51\" data-id=\"e819f51\" data-element_type=\"column\">\n\t\t\t<div class=\"elementor-widget-wrap elementor-element-populated\">\n\t\t\t\t\t\t<section class=\"elementor-section elementor-inner-section elementor-element elementor-element-a7e4f06 elementor-section-boxed elementor-section-height-default elementor-section-height-default\" data-id=\"a7e4f06\" data-element_type=\"section\">\n\t\t\t\t\t\t<div class=\"elementor-container elementor-column-gap-default\">\n\t\t\t\t\t<div class=\"elementor-column elementor-col-33 elementor-inner-column elementor-element elementor-element-13fa829\" data-id=\"13fa829\" data-element_type=\"column\">\n\t\t\t<div class=\"elementor-widget-wrap elementor-element-populated\">\n\t\t\t\t\t\t<div class=\"elementor-element elementor-element-7427a41 elementor-widget elementor-widget-image\" data-id=\"7427a41\" data-element_type=\"widget\" data-widget_type=\"image.default\">\n\t\t\t\t<div class=\"elementor-widget-container\">\n\t\t\t\t\t\t\t\t\t\t\t\t\t\t<a href=\"https:\/\/www.researchgate.net\/profile\/Peter-Eltes\">\n\t\t\t\t\t\t\t<img fetchpriority=\"high\" decoding=\"async\" width=\"1024\" height=\"684\" src=\"http:\/\/isbl.hu\/wp-content\/uploads\/2019\/02\/1-1024x684.jpg\" class=\"attachment-large size-large wp-image-182\" alt=\"\" srcset=\"http:\/\/isbl.hu\/wp-content\/uploads\/2019\/02\/1-1024x684.jpg 1024w, http:\/\/isbl.hu\/wp-content\/uploads\/2019\/02\/1-768x513.jpg 768w, http:\/\/isbl.hu\/wp-content\/uploads\/2019\/02\/1-272x182.jpg 272w, http:\/\/isbl.hu\/wp-content\/uploads\/2019\/02\/1-300x201.jpg 300w\" sizes=\"(max-width: 1024px) 100vw, 1024px\" \/>\t\t\t\t\t\t\t\t<\/a>\n\t\t\t\t\t\t\t\t\t\t\t\t\t<\/div>\n\t\t\t\t<\/div>\n\t\t\t\t<div class=\"elementor-element elementor-element-26dc43c elementor-widget elementor-widget-text-editor\" data-id=\"26dc43c\" data-element_type=\"widget\" data-widget_type=\"text-editor.default\">\n\t\t\t\t<div class=\"elementor-widget-container\">\n\t\t\t\t\t\t\t<h3 style=\"text-align: center; color: #333;\"><a href=\"https:\/\/www.researchgate.net\/profile\/Peter-Eltes\">\u00c9ltes P\u00e9ter<\/a><\/h3>\n<div class=\"wpsm_team_1_name_divider\"><\/div>\n<p style=\"text-align: center; font-size: 12px; color: #444; margin-top: 12px;\"><span style=\"font-family: var( --e-global-typography-text-font-family ), Sans-serif; font-weight: var( --e-global-typography-text-font-weight );\">Laborvezet\u0151<\/span><\/p>\t\t\t\t\t\t<\/div>\n\t\t\t\t<\/div>\n\t\t\t\t\t<\/div>\n\t\t<\/div>\n\t\t\t\t<div class=\"elementor-column elementor-col-33 elementor-inner-column elementor-element elementor-element-1eac3d7\" data-id=\"1eac3d7\" data-element_type=\"column\">\n\t\t\t<div class=\"elementor-widget-wrap elementor-element-populated\">\n\t\t\t\t\t\t<div class=\"elementor-element elementor-element-a2cd00d elementor-widget elementor-widget-image\" data-id=\"a2cd00d\" data-element_type=\"widget\" data-widget_type=\"image.default\">\n\t\t\t\t<div class=\"elementor-widget-container\">\n\t\t\t\t\t\t\t\t\t\t\t\t\t\t<a href=\"https:\/\/www.researchgate.net\/profile\/Ferenc-Bereczki\">\n\t\t\t\t\t\t\t<img decoding=\"async\" width=\"1024\" height=\"683\" src=\"http:\/\/isbl.hu\/wp-content\/uploads\/2019\/02\/3-1024x683.jpg\" class=\"attachment-large size-large wp-image-184\" alt=\"\" srcset=\"http:\/\/isbl.hu\/wp-content\/uploads\/2019\/02\/3-1024x683.jpg 1024w, http:\/\/isbl.hu\/wp-content\/uploads\/2019\/02\/3-768x512.jpg 768w, http:\/\/isbl.hu\/wp-content\/uploads\/2019\/02\/3-272x182.jpg 272w, http:\/\/isbl.hu\/wp-content\/uploads\/2019\/02\/3-300x200.jpg 300w\" sizes=\"(max-width: 1024px) 100vw, 1024px\" \/>\t\t\t\t\t\t\t\t<\/a>\n\t\t\t\t\t\t\t\t\t\t\t\t\t<\/div>\n\t\t\t\t<\/div>\n\t\t\t\t<div class=\"elementor-element elementor-element-b85e9c0 elementor-widget elementor-widget-text-editor\" data-id=\"b85e9c0\" data-element_type=\"widget\" data-widget_type=\"text-editor.default\">\n\t\t\t\t<div class=\"elementor-widget-container\">\n\t\t\t\t\t\t\t<h3 style=\"text-align: center; color: #333;\"><a href=\"https:\/\/www.researchgate.net\/profile\/Ferenc-Bereczki\">Bereczki Ferenc<\/a><\/h3>\n<div class=\"wpsm_team_1_name_divider\"><\/div>\n<p style=\"text-align: center; font-size: 12px; color: #444; margin-top: 12px;\"><span style=\"color: #000000; font-family: 'Open Sans'; font-size: 11px;\">Kutat\u00f3 orvos, PhD hallgat\u00f3<\/span><\/p>\t\t\t\t\t\t<\/div>\n\t\t\t\t<\/div>\n\t\t\t\t\t<\/div>\n\t\t<\/div>\n\t\t\t\t<div class=\"elementor-column elementor-col-33 elementor-inner-column elementor-element elementor-element-762d71b\" data-id=\"762d71b\" data-element_type=\"column\">\n\t\t\t<div class=\"elementor-widget-wrap elementor-element-populated\">\n\t\t\t\t\t\t<div class=\"elementor-element elementor-element-b7a43c1 elementor-widget elementor-widget-image\" data-id=\"b7a43c1\" data-element_type=\"widget\" data-widget_type=\"image.default\">\n\t\t\t\t<div class=\"elementor-widget-container\">\n\t\t\t\t\t\t\t\t\t\t\t\t\t\t<a href=\"https:\/\/www.researchgate.net\/profile\/Mate-Turbucz-2\">\n\t\t\t\t\t\t\t<img decoding=\"async\" width=\"1024\" height=\"683\" src=\"http:\/\/isbl.hu\/wp-content\/uploads\/2019\/02\/5-1024x683.jpg\" class=\"attachment-large size-large wp-image-186\" alt=\"\" srcset=\"http:\/\/isbl.hu\/wp-content\/uploads\/2019\/02\/5-1024x683.jpg 1024w, http:\/\/isbl.hu\/wp-content\/uploads\/2019\/02\/5-768x512.jpg 768w, http:\/\/isbl.hu\/wp-content\/uploads\/2019\/02\/5-272x182.jpg 272w, http:\/\/isbl.hu\/wp-content\/uploads\/2019\/02\/5-300x200.jpg 300w\" sizes=\"(max-width: 1024px) 100vw, 1024px\" \/>\t\t\t\t\t\t\t\t<\/a>\n\t\t\t\t\t\t\t\t\t\t\t\t\t<\/div>\n\t\t\t\t<\/div>\n\t\t\t\t<div class=\"elementor-element elementor-element-1aad6bb elementor-widget elementor-widget-text-editor\" data-id=\"1aad6bb\" data-element_type=\"widget\" data-widget_type=\"text-editor.default\">\n\t\t\t\t<div class=\"elementor-widget-container\">\n\t\t\t\t\t\t\t<h3 style=\"text-align: center; color: #333;\"><a href=\"https:\/\/www.researchgate.net\/profile\/Mate-Turbucz-2\">Turbucz M\u00e1t\u00e9<\/a><\/h3>\n<div class=\"wpsm_team_1_name_divider\"><\/div>\n<p style=\"text-align: center; font-size: 12px; color: #444; margin-top: 12px;\"><span style=\"color: #000000; font-family: 'Open Sans'; font-size: 11px; font-weight: var( --e-global-typography-text-font-weight );\">Kutat\u00f3 m\u00e9rn\u00f6k, PhD hallgat\u00f3<\/span><\/p>\t\t\t\t\t\t<\/div>\n\t\t\t\t<\/div>\n\t\t\t\t\t<\/div>\n\t\t<\/div>\n\t\t\t\t\t<\/div>\n\t\t<\/section>\n\t\t\t\t<section class=\"elementor-section elementor-inner-section elementor-element elementor-element-aa5c9d6 elementor-section-boxed elementor-section-height-default elementor-section-height-default\" data-id=\"aa5c9d6\" data-element_type=\"section\">\n\t\t\t\t\t\t<div class=\"elementor-container elementor-column-gap-default\">\n\t\t\t\t\t<div class=\"elementor-column elementor-col-33 elementor-inner-column elementor-element elementor-element-b904cf6\" data-id=\"b904cf6\" data-element_type=\"column\">\n\t\t\t<div class=\"elementor-widget-wrap elementor-element-populated\">\n\t\t\t\t\t\t<div class=\"elementor-element elementor-element-194b241 elementor-widget elementor-widget-image\" data-id=\"194b241\" data-element_type=\"widget\" data-widget_type=\"image.default\">\n\t\t\t\t<div class=\"elementor-widget-container\">\n\t\t\t\t\t\t\t\t\t\t\t\t\t\t<a href=\"https:\/\/www.researchgate.net\/profile\/Benjamin-Hajnal\">\n\t\t\t\t\t\t\t<img loading=\"lazy\" decoding=\"async\" width=\"1024\" height=\"685\" src=\"http:\/\/isbl.hu\/wp-content\/uploads\/2019\/02\/D1_4266_2-1024x685.jpg\" class=\"attachment-large size-large wp-image-180\" alt=\"\" srcset=\"http:\/\/isbl.hu\/wp-content\/uploads\/2019\/02\/D1_4266_2-1024x685.jpg 1024w, http:\/\/isbl.hu\/wp-content\/uploads\/2019\/02\/D1_4266_2-768x513.jpg 768w, http:\/\/isbl.hu\/wp-content\/uploads\/2019\/02\/D1_4266_2-272x182.jpg 272w, http:\/\/isbl.hu\/wp-content\/uploads\/2019\/02\/D1_4266_2-300x201.jpg 300w, http:\/\/isbl.hu\/wp-content\/uploads\/2019\/02\/D1_4266_2.jpg 2000w\" sizes=\"(max-width: 1024px) 100vw, 1024px\" \/>\t\t\t\t\t\t\t\t<\/a>\n\t\t\t\t\t\t\t\t\t\t\t\t\t<\/div>\n\t\t\t\t<\/div>\n\t\t\t\t<div class=\"elementor-element elementor-element-b0dc362 elementor-widget elementor-widget-text-editor\" data-id=\"b0dc362\" data-element_type=\"widget\" data-widget_type=\"text-editor.default\">\n\t\t\t\t<div class=\"elementor-widget-container\">\n\t\t\t\t\t\t\t<h3 style=\"text-align: center; color: #333;\"><a href=\"https:\/\/www.researchgate.net\/profile\/Benjamin-Hajnal\">Hajnal Benj\u00e1min<\/a><\/h3>\n<div class=\"wpsm_team_1_name_divider\"><\/div>\n<p style=\"text-align: center; font-size: 12px; color: #444; margin-top: 12px;\"><span style=\"color: #000000; font-family: 'Open Sans'; font-size: 11px;\">Kutat\u00f3 orvos, PhD hallgat\u00f3<\/span><\/p>\t\t\t\t\t\t<\/div>\n\t\t\t\t<\/div>\n\t\t\t\t\t<\/div>\n\t\t<\/div>\n\t\t\t\t<div class=\"elementor-column elementor-col-33 elementor-inner-column elementor-element elementor-element-aed6b33\" data-id=\"aed6b33\" data-element_type=\"column\">\n\t\t\t<div class=\"elementor-widget-wrap elementor-element-populated\">\n\t\t\t\t\t\t<div class=\"elementor-element elementor-element-bdd0252 elementor-widget elementor-widget-image\" data-id=\"bdd0252\" data-element_type=\"widget\" data-widget_type=\"image.default\">\n\t\t\t\t<div class=\"elementor-widget-container\">\n\t\t\t\t\t\t\t\t\t\t\t\t\t\t<a href=\"https:\/\/www.researchgate.net\/profile\/Agoston-Pokorni-2\">\n\t\t\t\t\t\t\t<img loading=\"lazy\" decoding=\"async\" width=\"2560\" height=\"1707\" src=\"http:\/\/isbl.hu\/wp-content\/uploads\/2023\/03\/profilepic_new_v2-scaled.jpg\" class=\"attachment-large size-large wp-image-624\" alt=\"\" srcset=\"http:\/\/isbl.hu\/wp-content\/uploads\/2023\/03\/profilepic_new_v2-scaled.jpg 2560w, http:\/\/isbl.hu\/wp-content\/uploads\/2023\/03\/profilepic_new_v2-768x512.jpg 768w, http:\/\/isbl.hu\/wp-content\/uploads\/2023\/03\/profilepic_new_v2-1536x1024.jpg 1536w, http:\/\/isbl.hu\/wp-content\/uploads\/2023\/03\/profilepic_new_v2-2048x1366.jpg 2048w, http:\/\/isbl.hu\/wp-content\/uploads\/2023\/03\/profilepic_new_v2-272x182.jpg 272w\" sizes=\"(max-width: 2560px) 100vw, 2560px\" \/>\t\t\t\t\t\t\t\t<\/a>\n\t\t\t\t\t\t\t\t\t\t\t\t\t<\/div>\n\t\t\t\t<\/div>\n\t\t\t\t<div class=\"elementor-element elementor-element-58ef6a9 elementor-widget elementor-widget-text-editor\" data-id=\"58ef6a9\" data-element_type=\"widget\" data-widget_type=\"text-editor.default\">\n\t\t\t\t<div class=\"elementor-widget-container\">\n\t\t\t\t\t\t\t<h3 style=\"text-align: center; color: #333;\"><a href=\"https:\/\/www.researchgate.net\/profile\/Agoston-Pokorni-2\">Pokorni \u00c1goston Jakab<\/a><\/h3>\n<div class=\"wpsm_team_1_name_divider\"><\/div>\n<p style=\"text-align: center; font-size: 12px; color: #444; margin-top: 12px;\"><span style=\"color: #000000; font-family: 'Open Sans'; font-size: 11px; font-weight: var( --e-global-typography-text-font-weight );\">Kutat\u00f3 m\u00e9rn\u00f6k, PhD hallgat\u00f3<\/span><\/p>\t\t\t\t\t\t<\/div>\n\t\t\t\t<\/div>\n\t\t\t\t\t<\/div>\n\t\t<\/div>\n\t\t\t\t<div class=\"elementor-column elementor-col-33 elementor-inner-column elementor-element elementor-element-b634644\" data-id=\"b634644\" data-element_type=\"column\">\n\t\t\t<div class=\"elementor-widget-wrap elementor-element-populated\">\n\t\t\t\t\t\t<div class=\"elementor-element elementor-element-3b445d5 elementor-widget elementor-widget-image\" data-id=\"3b445d5\" data-element_type=\"widget\" data-widget_type=\"image.default\">\n\t\t\t\t<div class=\"elementor-widget-container\">\n\t\t\t\t\t\t\t\t\t\t\t\t\t\t<a href=\"https:\/\/www.researchgate.net\/scientific-contributions\/Marton-Bartos-2160853825\">\n\t\t\t\t\t\t\t<img loading=\"lazy\" decoding=\"async\" width=\"1024\" height=\"683\" src=\"http:\/\/isbl.hu\/wp-content\/uploads\/2023\/04\/BartosM_1024x683_v3.jpg\" class=\"attachment-large size-large wp-image-1379\" alt=\"\" srcset=\"http:\/\/isbl.hu\/wp-content\/uploads\/2023\/04\/BartosM_1024x683_v3.jpg 1024w, http:\/\/isbl.hu\/wp-content\/uploads\/2023\/04\/BartosM_1024x683_v3-768x512.jpg 768w, http:\/\/isbl.hu\/wp-content\/uploads\/2023\/04\/BartosM_1024x683_v3-272x182.jpg 272w\" sizes=\"(max-width: 1024px) 100vw, 1024px\" \/>\t\t\t\t\t\t\t\t<\/a>\n\t\t\t\t\t\t\t\t\t\t\t\t\t<\/div>\n\t\t\t\t<\/div>\n\t\t\t\t<div class=\"elementor-element elementor-element-1c88c52 elementor-widget elementor-widget-text-editor\" data-id=\"1c88c52\" data-element_type=\"widget\" data-widget_type=\"text-editor.default\">\n\t\t\t\t<div class=\"elementor-widget-container\">\n\t\t\t\t\t\t\t<h3 style=\"text-align: center; color: #333;\"><a href=\"https:\/\/www.researchgate.net\/scientific-contributions\/Marton-Bartos-2160853825\">Bartos M\u00e1rton<\/a><\/h3>\n<div class=\"wpsm_team_1_name_divider\"><\/div>\n<p style=\"text-align: center; font-size: 12px; color: #444; margin-top: 12px;\"><span style=\"color: #000000; font-family: 'Open Sans'; font-size: 11px; font-weight: var( --e-global-typography-text-font-weight );\">Kutat\u00f3 m\u00e9rn\u00f6k, PhD hallgat\u00f3<\/span><\/p>\t\t\t\t\t\t<\/div>\n\t\t\t\t<\/div>\n\t\t\t\t\t<\/div>\n\t\t<\/div>\n\t\t\t\t\t<\/div>\n\t\t<\/section>\n\t\t\t\t\t<\/div>\n\t\t<\/div>\n\t\t\t\t\t<\/div>\n\t\t<\/section>\n\t\t\t\t<section class=\"elementor-section elementor-top-section elementor-element elementor-element-9b7f433 elementor-section-boxed elementor-section-height-default elementor-section-height-default\" data-id=\"9b7f433\" data-element_type=\"section\">\n\t\t\t\t\t\t<div class=\"elementor-container elementor-column-gap-default\">\n\t\t\t\t\t<div class=\"elementor-column elementor-col-100 elementor-top-column elementor-element elementor-element-68ac315\" data-id=\"68ac315\" data-element_type=\"column\">\n\t\t\t<div class=\"elementor-widget-wrap elementor-element-populated\">\n\t\t\t\t\t\t<div class=\"elementor-element elementor-element-9671adc elementor-widget elementor-widget-spacer\" data-id=\"9671adc\" data-element_type=\"widget\" data-widget_type=\"spacer.default\">\n\t\t\t\t<div class=\"elementor-widget-container\">\n\t\t\t\t\t<div class=\"elementor-spacer\">\n\t\t\t<div class=\"elementor-spacer-inner\"><\/div>\n\t\t<\/div>\n\t\t\t\t<\/div>\n\t\t\t\t<\/div>\n\t\t\t\t<div class=\"elementor-element elementor-element-476b776 elementor-widget elementor-widget-heading\" data-id=\"476b776\" data-element_type=\"widget\" data-widget_type=\"heading.default\">\n\t\t\t\t<div class=\"elementor-widget-container\">\n\t\t\t<h2 class=\"elementor-heading-title elementor-size-default\">Kor\u00e1bbi Tagok<\/h2>\t\t<\/div>\n\t\t\t\t<\/div>\n\t\t\t\t<div class=\"elementor-element elementor-element-3fdebf0 elementor-widget elementor-widget-spacer\" data-id=\"3fdebf0\" data-element_type=\"widget\" data-widget_type=\"spacer.default\">\n\t\t\t\t<div class=\"elementor-widget-container\">\n\t\t\t\t\t<div class=\"elementor-spacer\">\n\t\t\t<div class=\"elementor-spacer-inner\"><\/div>\n\t\t<\/div>\n\t\t\t\t<\/div>\n\t\t\t\t<\/div>\n\t\t\t\t\t<\/div>\n\t\t<\/div>\n\t\t\t\t\t<\/div>\n\t\t<\/section>\n\t\t\t\t<section class=\"elementor-section elementor-top-section elementor-element elementor-element-0fb8da8 elementor-section-boxed elementor-section-height-default elementor-section-height-default\" data-id=\"0fb8da8\" data-element_type=\"section\">\n\t\t\t\t\t\t<div class=\"elementor-container elementor-column-gap-default\">\n\t\t\t\t\t<div class=\"elementor-column elementor-col-100 elementor-top-column elementor-element elementor-element-e8eb6dd\" data-id=\"e8eb6dd\" data-element_type=\"column\">\n\t\t\t<div class=\"elementor-widget-wrap elementor-element-populated\">\n\t\t\t\t\t\t<section class=\"elementor-section elementor-inner-section elementor-element elementor-element-ad70249 elementor-section-boxed elementor-section-height-default elementor-section-height-default\" data-id=\"ad70249\" data-element_type=\"section\">\n\t\t\t\t\t\t<div class=\"elementor-container elementor-column-gap-default\">\n\t\t\t\t\t<div class=\"elementor-column elementor-col-33 elementor-inner-column elementor-element elementor-element-103c48a\" data-id=\"103c48a\" data-element_type=\"column\">\n\t\t\t<div class=\"elementor-widget-wrap elementor-element-populated\">\n\t\t\t\t\t\t<div class=\"elementor-element elementor-element-70231f9 elementor-widget elementor-widget-image\" data-id=\"70231f9\" data-element_type=\"widget\" data-widget_type=\"image.default\">\n\t\t\t\t<div class=\"elementor-widget-container\">\n\t\t\t\t\t\t\t\t\t\t\t\t\t\t<a href=\"https:\/\/www.researchgate.net\/profile\/Chloe-Techens\">\n\t\t\t\t\t\t\t<img loading=\"lazy\" decoding=\"async\" width=\"543\" height=\"362\" src=\"http:\/\/isbl.hu\/wp-content\/uploads\/2023\/04\/chloe.png\" class=\"attachment-large size-large wp-image-891\" alt=\"\" srcset=\"http:\/\/isbl.hu\/wp-content\/uploads\/2023\/04\/chloe.png 543w, http:\/\/isbl.hu\/wp-content\/uploads\/2023\/04\/chloe-272x182.png 272w\" sizes=\"(max-width: 543px) 100vw, 543px\" \/>\t\t\t\t\t\t\t\t<\/a>\n\t\t\t\t\t\t\t\t\t\t\t\t\t<\/div>\n\t\t\t\t<\/div>\n\t\t\t\t<div class=\"elementor-element elementor-element-48ce425 elementor-widget elementor-widget-text-editor\" data-id=\"48ce425\" data-element_type=\"widget\" data-widget_type=\"text-editor.default\">\n\t\t\t\t<div class=\"elementor-widget-container\">\n\t\t\t\t\t\t\t<h3 style=\"text-align: center;\"><a href=\"https:\/\/www.researchgate.net\/profile\/Chloe-Techens\">Chlo\u00e9 T\u00e9chens<\/a><\/h3>\n<div class=\"wpsm_team_1_name_divider\"><\/div>\n<p style=\"text-align: center; font-size: 12px; color: #444; margin-top: 12px;\"><span style=\"color: #000000; font-family: 'Open Sans'; font-size: 11px; font-weight: var( --e-global-typography-text-font-weight );\">Kutat\u00f3 m\u00e9rn\u00f6k, PhD hallgat\u00f3<\/span><\/p>\t\t\t\t\t\t<\/div>\n\t\t\t\t<\/div>\n\t\t\t\t\t<\/div>\n\t\t<\/div>\n\t\t\t\t<div class=\"elementor-column elementor-col-33 elementor-inner-column elementor-element elementor-element-0dce6a6\" data-id=\"0dce6a6\" data-element_type=\"column\">\n\t\t\t<div class=\"elementor-widget-wrap\">\n\t\t\t\t\t\t\t<\/div>\n\t\t<\/div>\n\t\t\t\t<div class=\"elementor-column elementor-col-33 elementor-inner-column elementor-element elementor-element-f6a6676\" data-id=\"f6a6676\" data-element_type=\"column\">\n\t\t\t<div class=\"elementor-widget-wrap elementor-element-populated\">\n\t\t\t\t\t\t<div class=\"elementor-element elementor-element-51005b5 elementor-widget elementor-widget-image\" data-id=\"51005b5\" data-element_type=\"widget\" data-widget_type=\"image.default\">\n\t\t\t\t<div class=\"elementor-widget-container\">\n\t\t\t\t\t\t\t\t\t\t\t\t\t\t<a href=\"https:\/\/www.researchgate.net\/profile\/Jennifer_Fayad\">\n\t\t\t\t\t\t\t<img loading=\"lazy\" decoding=\"async\" width=\"543\" height=\"361\" src=\"http:\/\/isbl.hu\/wp-content\/uploads\/2023\/04\/jennifer.png\" class=\"attachment-large size-large wp-image-892\" alt=\"\" srcset=\"http:\/\/isbl.hu\/wp-content\/uploads\/2023\/04\/jennifer.png 543w, http:\/\/isbl.hu\/wp-content\/uploads\/2023\/04\/jennifer-272x182.png 272w\" sizes=\"(max-width: 543px) 100vw, 543px\" \/>\t\t\t\t\t\t\t\t<\/a>\n\t\t\t\t\t\t\t\t\t\t\t\t\t<\/div>\n\t\t\t\t<\/div>\n\t\t\t\t<div class=\"elementor-element elementor-element-72385fa elementor-widget elementor-widget-text-editor\" data-id=\"72385fa\" data-element_type=\"widget\" data-widget_type=\"text-editor.default\">\n\t\t\t\t<div class=\"elementor-widget-container\">\n\t\t\t\t\t\t\t<h3 style=\"text-align: center; color: #333;\"><a href=\"https:\/\/www.researchgate.net\/profile\/Jennifer_Fayad\">Jennifer Fayad<\/a><\/h3>\n<div class=\"wpsm_team_1_name_divider\"><\/div>\n<p style=\"text-align: center; font-size: 12px; color: #444; margin-top: 12px;\"><span style=\"color: #000000; font-family: 'Open Sans'; font-size: 11px;\">Kutat\u00f3 m\u00e9rn\u00f6k, PhD hallgat\u00f3<\/span><\/p>\t\t\t\t\t\t<\/div>\n\t\t\t\t<\/div>\n\t\t\t\t\t<\/div>\n\t\t<\/div>\n\t\t\t\t\t<\/div>\n\t\t<\/section>\n\t\t\t\t\t<\/div>\n\t\t<\/div>\n\t\t\t\t\t<\/div>\n\t\t<\/section>\n\t\t\t\t<\/div>\n\t\t","protected":false},"excerpt":{"rendered":"<p>\u00c9ltes P\u00e9ter Laborvezet\u0151 Bereczki Ferenc Kutat\u00f3 orvos, PhD hallgat\u00f3 Turbucz M\u00e1t\u00e9 Kutat\u00f3 m\u00e9rn\u00f6k, PhD hallgat\u00f3 Hajnal Benj\u00e1min Kutat\u00f3 orvos, PhD hallgat\u00f3 Pokorni \u00c1goston Jakab Kutat\u00f3 m\u00e9rn\u00f6k, PhD hallgat\u00f3 Bartos M\u00e1rton &#8230;<\/p>\n","protected":false},"author":2,"featured_media":0,"parent":0,"menu_order":0,"comment_status":"closed","ping_status":"closed","template":"","meta":{"inline_featured_image":false},"_links":{"self":[{"href":"http:\/\/isbl.hu\/index.php?rest_route=\/wp\/v2\/pages\/1238"}],"collection":[{"href":"http:\/\/isbl.hu\/index.php?rest_route=\/wp\/v2\/pages"}],"about":[{"href":"http:\/\/isbl.hu\/index.php?rest_route=\/wp\/v2\/types\/page"}],"author":[{"embeddable":true,"href":"http:\/\/isbl.hu\/index.php?rest_route=\/wp\/v2\/users\/2"}],"replies":[{"embeddable":true,"href":"http:\/\/isbl.hu\/index.php?rest_route=%2Fwp%2Fv2%2Fcomments&post=1238"}],"version-history":[{"count":7,"href":"http:\/\/isbl.hu\/index.php?rest_route=\/wp\/v2\/pages\/1238\/revisions"}],"predecessor-version":[{"id":1386,"href":"http:\/\/isbl.hu\/index.php?rest_route=\/wp\/v2\/pages\/1238\/revisions\/1386"}],"wp:attachment":[{"href":"http:\/\/isbl.hu\/index.php?rest_route=%2Fwp%2Fv2%2Fmedia&parent=1238"}],"curies":[{"name":"wp","href":"https:\/\/api.w.org\/{rel}","templated":true}]}}