{"id":41,"date":"2018-12-04T07:53:37","date_gmt":"2018-12-04T07:53:37","guid":{"rendered":"http:\/\/isbl.hu\/?page_id=41"},"modified":"2023-05-12T07:47:38","modified_gmt":"2023-05-12T07:47:38","slug":"contact-us","status":"publish","type":"page","link":"http:\/\/isbl.hu\/?page_id=41","title":{"rendered":"Contact Us"},"content":{"rendered":"\t\t<div data-elementor-type=\"wp-post\" data-elementor-id=\"41\" class=\"elementor elementor-41\">\n\t\t\t\t\t\t<section class=\"elementor-section elementor-top-section elementor-element elementor-element-f7a86cd elementor-section-boxed elementor-section-height-default elementor-section-height-default\" data-id=\"f7a86cd\" data-element_type=\"section\">\n\t\t\t\t\t\t<div class=\"elementor-container elementor-column-gap-default\">\n\t\t\t\t\t<div class=\"elementor-column elementor-col-100 elementor-top-column elementor-element elementor-element-18006f1\" data-id=\"18006f1\" data-element_type=\"column\">\n\t\t\t<div class=\"elementor-widget-wrap elementor-element-populated\">\n\t\t\t\t\t\t<div class=\"elementor-element elementor-element-f139e83 elementor-widget elementor-widget-heading\" data-id=\"f139e83\" data-element_type=\"widget\" data-widget_type=\"heading.default\">\n\t\t\t\t<div class=\"elementor-widget-container\">\n\t\t\t<h2 class=\"elementor-heading-title elementor-size-default\">Contact Us<\/h2>\t\t<\/div>\n\t\t\t\t<\/div>\n\t\t\t\t\t<\/div>\n\t\t<\/div>\n\t\t\t\t\t<\/div>\n\t\t<\/section>\n\t\t\t\t<section class=\"elementor-section elementor-top-section elementor-element elementor-element-363cd86 elementor-section-boxed elementor-section-height-default elementor-section-height-default\" data-id=\"363cd86\" data-element_type=\"section\">\n\t\t\t\t\t\t<div class=\"elementor-container elementor-column-gap-default\">\n\t\t\t\t\t<div class=\"elementor-column elementor-col-100 elementor-top-column elementor-element elementor-element-3097c7e\" data-id=\"3097c7e\" data-element_type=\"column\">\n\t\t\t<div class=\"elementor-widget-wrap elementor-element-populated\">\n\t\t\t\t\t\t<div class=\"elementor-element elementor-element-7a151ef elementor-widget elementor-widget-text-editor\" data-id=\"7a151ef\" data-element_type=\"widget\" data-widget_type=\"text-editor.default\">\n\t\t\t\t<div class=\"elementor-widget-container\">\n\t\t\t\t\t\t\t<h4><span lang=\"HU\">The In Silico Biomechanics Laboratory (ISBL) is based at the National Center for Spinal Disorders in Budapest, Hungary<\/span><\/h4>\t\t\t\t\t\t<\/div>\n\t\t\t\t<\/div>\n\t\t\t\t\t<\/div>\n\t\t<\/div>\n\t\t\t\t\t<\/div>\n\t\t<\/section>\n\t\t\t\t<section class=\"elementor-section elementor-top-section elementor-element elementor-element-bb20e8f elementor-section-boxed elementor-section-height-default elementor-section-height-default\" data-id=\"bb20e8f\" data-element_type=\"section\">\n\t\t\t\t\t\t<div class=\"elementor-container elementor-column-gap-default\">\n\t\t\t\t\t<div class=\"elementor-column elementor-col-100 elementor-top-column elementor-element elementor-element-042ef40\" data-id=\"042ef40\" data-element_type=\"column\">\n\t\t\t<div class=\"elementor-widget-wrap elementor-element-populated\">\n\t\t\t\t\t\t<div class=\"elementor-element elementor-element-3da7490 elementor-widget elementor-widget-text-editor\" data-id=\"3da7490\" data-element_type=\"widget\" data-widget_type=\"text-editor.default\">\n\t\t\t\t<div class=\"elementor-widget-container\">\n\t\t\t\t\t\t\t<p>For general queries about the ISBL, please contact Dr. Peter Eltes.<br \/>email: peter.eltes@bhc.hu<\/p>\t\t\t\t\t\t<\/div>\n\t\t\t\t<\/div>\n\t\t\t\t<div class=\"elementor-element elementor-element-36c72f2 elementor-widget elementor-widget-google_maps\" data-id=\"36c72f2\" data-element_type=\"widget\" data-widget_type=\"google_maps.default\">\n\t\t\t\t<div class=\"elementor-widget-container\">\n\t\t\t\t\t<div class=\"elementor-custom-embed\">\n\t\t\t<iframe loading=\"lazy\"\n\t\t\t\t\tsrc=\"https:\/\/maps.google.com\/maps?q=National%20Center%20for%20Spinal%20Disorders%20Building%204%20Kir%C3%A1lyh%C3%A1g%C3%B3%20u.%201-3%20H-1126%20Budapest%2C%20Hungary&#038;t=m&#038;z=10&#038;output=embed&#038;iwloc=near\"\n\t\t\t\t\ttitle=\"National Center for Spinal Disorders Building 4 Kir\u00e1lyh\u00e1g\u00f3 u. 1-3 H-1126 Budapest, Hungary\"\n\t\t\t\t\taria-label=\"National Center for Spinal Disorders Building 4 Kir\u00e1lyh\u00e1g\u00f3 u. 1-3 H-1126 Budapest, Hungary\"\n\t\t\t><\/iframe>\n\t\t<\/div>\n\t\t\t\t<\/div>\n\t\t\t\t<\/div>\n\t\t\t\t<div class=\"elementor-element elementor-element-08b4296 elementor-widget elementor-widget-spacer\" data-id=\"08b4296\" data-element_type=\"widget\" data-widget_type=\"spacer.default\">\n\t\t\t\t<div class=\"elementor-widget-container\">\n\t\t\t\t\t<div class=\"elementor-spacer\">\n\t\t\t<div class=\"elementor-spacer-inner\"><\/div>\n\t\t<\/div>\n\t\t\t\t<\/div>\n\t\t\t\t<\/div>\n\t\t\t\t\t<\/div>\n\t\t<\/div>\n\t\t\t\t\t<\/div>\n\t\t<\/section>\n\t\t\t\t<section class=\"elementor-section elementor-top-section elementor-element elementor-element-7a425a6 elementor-section-boxed elementor-section-height-default elementor-section-height-default\" data-id=\"7a425a6\" data-element_type=\"section\">\n\t\t\t\t\t\t<div class=\"elementor-container elementor-column-gap-default\">\n\t\t\t\t\t<div class=\"elementor-column elementor-col-50 elementor-top-column elementor-element elementor-element-df681f4\" data-id=\"df681f4\" data-element_type=\"column\">\n\t\t\t<div class=\"elementor-widget-wrap elementor-element-populated\">\n\t\t\t\t\t\t<div class=\"elementor-element elementor-element-8cfd7af elementor-widget elementor-widget-text-editor\" data-id=\"8cfd7af\" data-element_type=\"widget\" data-widget_type=\"text-editor.default\">\n\t\t\t\t<div class=\"elementor-widget-container\">\n\t\t\t\t\t\t\t<p><strong>Address<\/strong><br \/>In Silico Biomechanics Laboratory<br \/>National Center for Spinal Disorders<br \/>Building 4 (Building D\/I)<br \/>Kir\u00e1lyh\u00e1g\u00f3 u. 1-3<br \/>H-1126 Budapest, Hungary<\/p><p><strong>Directions within Building 4 (D\/I)<br \/><\/strong>If you go ahead after entering the building, there will be stairs to your left. On the 1st floor, turn left and you will find the ISBL behind the 2nd door to your right.\u00a0<\/p><p><strong>Travel information to the\u00a0<\/strong><span lang=\"HU\"><strong>National Center for Spinal Disorders<\/strong><\/span><\/p><p><span lang=\"HU\"><strong>By public transport<\/strong><b><br \/><\/b><\/span>You can most easily approach us by buses 102, 105, 140, 140A, 142, 212 trams 17, 61, 59, 59A, 59B and metro 2.<br \/>We highly recommend consulting Google Maps for detailed travel information, as it includes live public transportation data.<\/p><p><strong>By car<br \/><\/strong>The main entrance to the parking lot is located on the Kir\u00e1lyh\u00e1g\u00f3 street side, which is a one way street, approachable from Alkot\u00e1s street and M\u00e1rv\u00e1ny street.<\/p><p><strong>Car parking<br \/><\/strong>The National Center for Spinal Disorders has a private parking lot, which you can use. Alternatively, you can park in Kir\u00e1lyh\u00e1g\u00f3 street.<\/p>\t\t\t\t\t\t<\/div>\n\t\t\t\t<\/div>\n\t\t\t\t\t<\/div>\n\t\t<\/div>\n\t\t\t\t<div class=\"elementor-column elementor-col-50 elementor-top-column elementor-element elementor-element-8cfd83d\" data-id=\"8cfd83d\" data-element_type=\"column\">\n\t\t\t<div class=\"elementor-widget-wrap elementor-element-populated\">\n\t\t\t\t\t\t<div class=\"elementor-element elementor-element-3dea719 elementor-widget elementor-widget-image\" data-id=\"3dea719\" data-element_type=\"widget\" data-widget_type=\"image.default\">\n\t\t\t\t<div class=\"elementor-widget-container\">\n\t\t\t\t\t\t\t\t\t\t\t\t\t<img fetchpriority=\"high\" decoding=\"async\" width=\"2200\" height=\"2205\" src=\"http:\/\/isbl.hu\/wp-content\/uploads\/2023\/05\/terkep.png\" class=\"attachment-large size-large wp-image-1390\" alt=\"\" srcset=\"http:\/\/isbl.hu\/wp-content\/uploads\/2023\/05\/terkep.png 2200w, http:\/\/isbl.hu\/wp-content\/uploads\/2023\/05\/terkep-768x770.png 768w, http:\/\/isbl.hu\/wp-content\/uploads\/2023\/05\/terkep-1533x1536.png 1533w, http:\/\/isbl.hu\/wp-content\/uploads\/2023\/05\/terkep-2043x2048.png 2043w\" sizes=\"(max-width: 2200px) 100vw, 2200px\" \/>\t\t\t\t\t\t\t\t\t\t\t\t\t<\/div>\n\t\t\t\t<\/div>\n\t\t\t\t\t<\/div>\n\t\t<\/div>\n\t\t\t\t\t<\/div>\n\t\t<\/section>\n\t\t\t\t<\/div>\n\t\t","protected":false},"excerpt":{"rendered":"<p>Contact Us The In Silico Biomechanics Laboratory (ISBL) is based at the National Center for Spinal Disorders in Budapest, Hungary For general queries about the ISBL, please contact Dr. Peter &#8230;<\/p>\n","protected":false},"author":1,"featured_media":0,"parent":0,"menu_order":7,"comment_status":"closed","ping_status":"closed","template":"","meta":{"inline_featured_image":false},"_links":{"self":[{"href":"http:\/\/isbl.hu\/index.php?rest_route=\/wp\/v2\/pages\/41"}],"collection":[{"href":"http:\/\/isbl.hu\/index.php?rest_route=\/wp\/v2\/pages"}],"about":[{"href":"http:\/\/isbl.hu\/index.php?rest_route=\/wp\/v2\/types\/page"}],"author":[{"embeddable":true,"href":"http:\/\/isbl.hu\/index.php?rest_route=\/wp\/v2\/users\/1"}],"replies":[{"embeddable":true,"href":"http:\/\/isbl.hu\/index.php?rest_route=%2Fwp%2Fv2%2Fcomments&post=41"}],"version-history":[{"count":29,"href":"http:\/\/isbl.hu\/index.php?rest_route=\/wp\/v2\/pages\/41\/revisions"}],"predecessor-version":[{"id":1406,"href":"http:\/\/isbl.hu\/index.php?rest_route=\/wp\/v2\/pages\/41\/revisions\/1406"}],"wp:attachment":[{"href":"http:\/\/isbl.hu\/index.php?rest_route=%2Fwp%2Fv2%2Fmedia&parent=41"}],"curies":[{"name":"wp","href":"https:\/\/api.w.org\/{rel}","templated":true}]}}